6 - 6) + 0
-5
Calculate (1 - 2 - 0) + -12 + 16.
3
What is the value of -3 + 5 + (-2 - (0 - 4))?
4
What is (0 - -2) + -12 + 12?
2
4 + -6 + (1 - (4 - 0))
-5
What is (-6 - 0) + 4 + 2?
0
Evaluate 9 - (4 + 0) - (0 + 0).
5
Evaluate 8 + (5 - 12) + (-12 - -3).
-8
What is -4 + (9 + -14 - -8)?
-1
Calculate 6 + -4 + (-1 - -2).
3
What is the value of 3 - -1 - -2 - (14 + -10)?
2
What is -1 + -5 + (-1 - -4) - -7?
4
What is (-7 + -2 - -4) + 1?
-4
What is (1 - 9) + 18 + -6?
4
Evaluate (6 - 6 - -2) + 11 - 6.
7
-42 - -25 - (-12 + 4)
-9
Calculate 3 - (-22 + 24 - (-1 - -1)).
1
What is the value of (-10 - -3 - (-6 + 3)) + -3?
-7
4 + -2 - 1 - (69 - 76)
8
Calculate -3 + (7 - (5 - 2)).
1
5 + (0 + 0 - 1 - 1)
3
Calculate 3 + -7 + -4 + 8.
0
What is the value of -3 - (-9 + (-2 - -6))?
2
Calculate (-1 + -1 - -6) + 0 + 1.
5
Evaluate -1 - ((-1 - 8) + (-29 - -31)).
6
Evaluate 15 - (10 + -11 + 8).
8
Evaluate (13 - 7) + 3 + -15.
-6
What is 3 + 0 + (-4 - 1) + 7?
5
0 + 3 + -3 + -4 + 3
-1
Calculate -5 + (-1 - (-16 - (5 - 9))).
6
What is the value of 1 + 1 + 5 + (-2 - 4)?
1
What is the value of (-51 - -58) + (-3 - 1)?
3
Evaluate 3 + (-13 - (-12 - -5)).
-3
What is the value of 3 - 0 - 3 - -2?
2
Evaluate 2 + (2 - 0) - 2.
2
What is the value of -1 + -12 + 15 + 3?
5
What is the value of -9 - (-1 - -2) - (31 + -35)?
-6
Evaluate (-112 - -119) + (-1 - 9).
-3
Evaluate -2 + (5 - 0) - -1.
4
What is 5 + -1 + -1 - (56 - 52)?
-1
What is the value of -17 + 23 - (0 - -9)?
-3
Calculate (-4 - -9) + -1 + -1.
3
What is (-7 - (-9 + 7)) + 2 - 3?
-6
(5 - 28) + 9 + 9
-5
-6 - (-3 + (14 - 6) + -8)
-3
Evaluate -5 - (1 + -17 + (21 - 17)).
7
What is the value of -1 + (0 - -2) - (-11 - -9)?
3
Calculate (-5 - -3) + 11 + (5 - 8).
6
(-1 - 1 - -1) + 1
0
6 - (-7 - -7 - -4)
2
What is the value of (-3 - -2) + 7 - (-11 + 18)?
-1
What is -24 + 26 + (0 - (0 + 0))?
2
Evaluate -3 + -8 + -5 + 20.
4
What is (-10 - -5 - -9) + 4 + -3?
5
Evaluate -10 + 18 + -9 - 0.
-1
Evaluate 0 + (-3 - (-6 + 2) - 3).
-2
Evaluate (0 - 9) + (-35 - -39).
-5
What is the value of (22 - 17) + (-6 - -2) + 6?
7
What is 6 + (13 - 13) + -16?
-10
Evaluate 11 - ((5 - -13) + 2).
-9
Evaluate 7 - 4 - ((1 - -2) + -2).
2
What is 5 + (-15 - (-5 + -2))?
-3
Evaluate 16 - (7 - -1) - 3.
5
Calculate -1 + (0 - ((-4 - -4) + 4)).
-5
What is 1 + -12 - (-1 - 8)?
-2
6 - (-4 - -3 - (0 - 4))
3
Evaluate 7 - (9 + -21 - -11).
8
Calculate (0 - -1) + (5 - (-3 - -8)).
1
What is the value of -5 + (12 - 0) + -6 - -2?
3
What is (6 - 8) + 0 + (4 - 4)?
-2
What is the value of (-1 + 0 - 2) + 7 + -1?
3
Calculate 5 + -10 - (-2 + 8 + -3).
-8
What is -5 + 1 + -3 + 5?
-2
Evaluate 17 + (5 - 13) + -9.
0
What is the value of 1 + 1 + -2 - (-5 + 4)?
1
What is -2 + 6 + -7 + 7?
4
Evaluate -4 + -6 - (-5 + 0 + -1).
-4
What is the value of (-3 - -1) + -2 - (2 - 2)?
-4
18 + -16 + -8 + 2
-4
Evaluate -8 + (-2 - -18 - (-5 + 8)).
5
What is the value of 13 + (-6 - 5 - -4)?
6
What is -1 - -3 - 6 - (-13 + 9)?
0
-3 + 6 + -4 + -5
-6
What is the value of -2 + 1 - (0 - 1)?
0
Evaluate (1 - 6) + (3 - 0).
-2
-8 - -5 - (-3 + 1 + 2)
-3
What is (-1 - -5 - 10) + 6?
0
-2 + 6 + -4 + 3
3
What is 3 - (0 - (-3 - -4) - -4)?
0
(-4 - -1) + 3 + -1 - -6
5
-11 - (-3 - (-4 - -7))
-5
Evaluate -13 - -10 - (0 + (3 - 5)).
-1
What is the value of -3 + 1 + (3 - 3) + 4?
2
Calculate -4 - -14 - -8 - (5 + 4).
9
Evaluate -4 - (4 - 7 - -5).
-6
What is -4 - (-3 + 2 + 0 - 2)?
-1
Calculate -11 + 12 - (12 - 7).
-4
Calculate -3 + (0 + 1 - 6) + 3.
-5
Calculate 0 + (2 + -1 - 7).
-6
What is 5 + -2 - -5 - (5 + -1)?
4
-13 - (-7 - 2) - (8 + -2)
-10
What is the value of 1 + -6 - (1 + -6)?
0
Evaluate (-2 - 11) + 6 + 0.
-7
What is the value of 6 - -15 - 11 - 12?
-2
What is the value of 2 - (-8 + 6 - 0) - 1?
3
What is the value of 2 + 2 + -3 + -4?
-3
0 - -1 - (-5 + 5)
1
3 + (1 - (4 - 5) - 2)
3
Evaluate 0 + 0 - (-1 + -3).
4
What is the value of -1 - (1 - (4 + 0 - 6))?
-4
-1 - -2 - (25 - 22)
-2
What is (86 - 87) + (-2 - 1)?
-4
(9 - 2) + (-4 - -1)
4
(-42 - -40) + (6 - 1)
3
Evaluate 3 + -1 + 3 + -6 + 2.
1
4 + -7 + -2 + 7
2
What is the value of (-4 + 3 - 4) + 7?
2
Evaluate 3 - 8 - (-2 + -7 + 4).
0
Calculate 4 + (-2 - 3 - -3).
2
What is -4 - (-3 + -3 + -5 + 10)?
-3
What is the value of -11 - (4 - 9) - 3 - -20?
11
What is the value of 4 - (6 - -6 - 5)?
-3
0 + 11 + (-8 - -4)
7
What is 4 + 2 + -3 + -3 + 2?
2
Calculate (4 - 3) + 3 + 0.
4
13 + -10 + 4 + -2
5
What is the value of 3 + -7 + -5 + 9 - 1?
-1
What is -1 + 5 - (14 + -15 - -7)?
-2
3 + 1 - 3 - (0 + -1)
2
Calculate ((4 - 2) + -7 - 2) + 6.
-1
Calculate 8 + (7 - (19 + 0)).
-4
Evaluate 1 + (-4 + 5 + -2 - 6).
-6
Evaluate 1 + -3 + 3 - (3 + 0).
-2
Evaluate -7 - (-17 - -6) - 7.
-3
What is 1 + -3 - (-19 + 10 - 1)?
8
What is the value of (-5 + -1 - (22 + -32)) + -6?
-2
Calculate 0 + 4 - (-22 + 22) - 2.
2
What is (3 - (-11 - 1)) + -8?
7
What is -6 + 4 - (0 + 4 - 7)?
1
What is the value of -7 - -13 - (1 + 9)?
-4
Evaluate 41 + -40 - (-2 - 1) - 3.
1
What is the value of 1 - ((17 - 7) + -13)?
4
What is the value of (0 - -2) + -5 - (-11 - -6)?
2
56 + -63 + (-1 - -2) + 1
-5
Calculate 7 + 1 - -4 - 15.
-3
Calculate (2 - 9 - -13) + -1.
5
Calculate -4 + (2 - (-6 + 2 - 1)).
3
What is 7 + 3 + (4 - 9)?
5
Calculate 4 + -10 + (-6 - (0 - 6)).
-6
What is 3 + 0 + -1 + -2 - 2?
-2
1 - (-3 + (3 - 2))
3
What is the value of (-7 - -6 - 5) + 8?
2
(5 - 3) + -1 + -30 + 36
7
Evaluate 86 + -73 - (-1 - -6).
8
What is the value of 3 + -3 + 1 + -2?
-1
What is the value of 1 + (2 - 12) + -13 + 19?
-3
Evaluate -12 + (17 - (9 - 1)).
-3
Evaluate -1 + -3 - (8 - (11 - 5)).
-6
Calculate -1 + 4 + (-4 - (-4 + -2)).
5
Calculate 12 - 5 - (-6 + 2 - -2).
9
Calculate (-1 - (2 + 5)) + 11.
3
11 + -24 + 4 + 11
2
What is the value of (-11 - -8 - -9) + (-8 - 0)?
-2
What is (-3 - -9) + (-11 - -5)?
0
What is (-1 - (-5 + 7)) + 3?
0
Evaluate 2 + 4 + -9 + 1 + -1.
-3
Calculate -6 + -7 + (-3 + -1 - -7).
-10
Calculate 9 + -7 + 6 - 5.
3
What is the value of -11 + 0 - (-1 + (-7 - -4))?
-7
Evaluate (-53 - -57) + -1 + -1.
2
What is -4 + (10 - (-3 - -9))?
0
(-1 - 4) + (6 - (3 + 0))
-2
(46 - 55) + 13 + -1
3
What is 1 + -5 + (14 - 8)?
2
Evaluate (14 - (5 + -5)) + -6 - 1.
7
Calculate 3 + (2 - (4 - -2) - 4).
-5
Calculate 1 - -14 - (-125 - -135).
5
What is the value of (3 - 4) + 8 + -3?
4
Calculate 7 + -13 + (-1 - -4).
-3
What is -7 + 11 + -5 - 2 - -5?
2
3 + -1 + 65 + -67
0
Calculate (8 - 1 - 2) + (-4 - 1).
0
2 + 1 + -6 + 4
1
-3 + 3 + -2 + 6
4
Evaluate 1 - (-1 + -8 - (-3 - 3)).
4
Evaluate 8 + -8 - (-6 + 12).
-6
-2 - (19 + -17 + (0 - 7))
3
(4 - 3) + -2 + 5
4
Evaluate 3 - 6 - (-6 - 1).
4
Evaluate -6 + -12 + 12 - (0 + -12).
6
What is 1 - (-6 - (2 - -3 - 7))?
5
Evaluate -4 - (-1 - (9 + 2 + -6)).
2
What is the value of 13 + -9 - ((-1 - -6) + 0)?
-1
Calculate (3 - 6) + 0 + (-2 - 0).
-5
Calculate (-3 - (3 - 3)) + 4.
1
What is the value of 1 - 10 - (-32 + 19)?
4
What is the value of -1 + (4 - 3) + 0 - -3?
3
Evaluate 1 - (-1 - (3 + -3 + 1)).
3
-2 + 14 + -12 + 1 + -4
-3
Calculate 16 - ((-6 - -12) + 3).
7
4 + (5 + -4 - 10 - -3)
-2
Evaluate -9 - (1 + (-9 - 0) + 3).
-4
What is the value of 13 + (13 + -4 - 19)?
3
Calculate (8 + -6 - (-5 + 12)) + 3.
-2
Calculate (0 - 1) + (22 - 20).
1
What is the value of -1 + (-7 - -5) + 2 + -1?
-2
What is 38 + -24 - (-1 + 12)?
3
Calculate (5 - 10) + (1 - -1).
-3
0 + -4 - (-7 + -17 + 12)
8
What is 4 - (1 + 2) - (-6 + 4)?
3
Evaluate 15 + -10 - (2 + 0).
3
15 + -10 - (6 - 1)
0
What is the value of 3 - (-9 + 0 + 13)?
-1
What is the value of -7 + -1 + (2 - 1)?
-7
What is the value of (4 + -4 - -2) + -7?
-5
Evaluate -5 + 1 + (-38 - -49) + -9.
-2
What is (-18 - -1 - -4) + 11?
-2
What is the value of -1 + 4 - (0 + (1 - -7))?
-5
Evaluate 4 - (-4 + 0 + 8 - 2).
2
What is 3 + -3 + (7 - 3)?
4
Evaluate 1 + (-1 - (-2 - -1)).
1
What is 46 + -43 + (0 - 0 - -1)?
4
Evaluate (-1 - -8) + 4 + 4 + -5.
10
-2 - -10 - (-15 - -19)
4
Calculate -14 + (4 - (4 + -7)) + 2.
-5
Evaluate -6 + 1 - -3 - -5.
3
What is -64 + 64 - (3 + 0 + 0)?
-3
What is (0 - -2) + 0 + -5?
-3
What is 13 + -2 + (-9 - (-2 + -2))?
6
Evaluate 1 - (-3 + -2 + 8).
-2
(1 + -4 - -5) + 2
4
What is the value of -4 + (-6 - -13) - 2?
1
What is the value of -7 + 0 - (42 - 54)?
5
-5 + (-2 + 1 - 1)
-7
What is -4 + 2 + 1 + 6 + -8?
-3
Calculate (-5 - (1 - 2)) + 4.
0
What is 1 - 0 - (-4 + 3 + 1)?
1
Calculate -1 + -4 - (-11 + 9).
-3
Calc